86 + 161. Let n be (9/27)/(1/426). Suppose -5*b + 0*z + n = 2*z, b - 22 = -2*z. Calculate the highest common divisor of p and b.
15
Let p(q) = -3*q + 8. Let a be p(-3). Suppose 0 = -3*x + a - 8. Calculate the highest common divisor of 3 and x.
3
Suppose -45*q = -46*q + 10. Let n be (-1)/((-1)/(q/(-2 - -3))). Calculate the highest common divisor of 50 and n.
10
Suppose 4*h - 15 + 114 = 3*m, -m = -2*h - 33. Calculate the greatest common factor of 88 and m.
11
Let s be (-3 + (-2 - -2))*-14. Calculate the highest common factor of 154 and s.
14
Let q(n) = -n**2 - 11*n + 4. Let t = 6 + -13. Let k be q(t). Let x = k - 10. Calculate the greatest common factor of 176 and x.
22
Let y = 5 - 5. Suppose y*q - 2*q + 19 = 3*r, 16 = 2*q + 4*r. Calculate the highest common factor of 7 and q.
7
Let x(i) = i**2 - 4*i + 5. Let j be x(7). Let d = j + -1. Calculate the greatest common factor of 25 and d.
25
Let v = -757 - -955. What is the greatest common factor of v and 18?
18
Let c(n) = -n - 14. Let b be c(-11). Let h be 16/(1*(-3)/b). Calculate the highest common divisor of 40 and h.
8
Let a be 12/(-7)*(-17 - 11). Calculate the highest common divisor of a and 32.
16
Let b be 128 - (-8)/(-48)*-6. Calculate the highest common divisor of 473 and b.
43
Let i(a) = 2*a + 16. Let h be i(-10). Let x(w) = -9*w + 9. Let m be x(h). Calculate the highest common divisor of m and 5.
5
Let y be 8/60*74 + (-8)/(-60). Calculate the highest common divisor of 30 and y.
10
Suppose 4*t - 4*x = t + 373, -5*x - 371 = -3*t. What is the greatest common divisor of 127 and t?
127
Suppose 11*q + 72 = 23*q. Calculate the highest common divisor of 27 and q.
3
Suppose 5*q = -5*i + 660, 2*i + 4*q = 9*q + 299. Calculate the highest common factor of 1 and i.
1
Let y be 901/106*-4*-1*2. Suppose j + y = 2*l, -3*l - 5*j + 95 = -3*j. What is the greatest common factor of l and 297?
33
Suppose 23*b = 8*b + 570. Suppose 780 = 2*s + 4*q, 3*s + s - 1530 = -2*q. Calculate the highest common divisor of s and b.
38
Suppose 5*c = 3*j - 130, 2*j = c + 4*j + 39. Let f = c + 41. What is the greatest common divisor of f and 132?
12
Suppose -1998 = -16*x + 8658. What is the greatest common factor of x and 74?
74
Let o be 3/(-6)*60/(-2). Let m(y) = y + 12. Let q be m(-2). Calculate the highest common factor of o and q.
5
Let v(h) = 7*h + 2. Let z be v(2). Let k be 3/(475/472 - 1). Let w be k/10 - 12/(-15). What is the greatest common factor of w and z?
16
Let t = 609 + -284. Calculate the greatest common divisor of 39 and t.
13
Let f = -8 - -15. Let w(h) = -6*h - 4. Let v be -2 - 1/(-1 - -2). Let n be w(v). What is the greatest common factor of f and n?
7
Suppose -z - 3 = 2*o + 3*o, -3*z - o + 19 = 0. Suppose q - c = 12, -z*q - 4*c = -12*q + 57. What is the greatest common divisor of 36 and q?
9
Let w(b) = -13*b - 31. Let y be w(-10). Let d = y - 93. Calculate the greatest common factor of 15 and d.
3
Suppose -3 = -4*i + 3*l + 11, 3*l = 5*i - 16. Suppose -5*j + i*t = -716, 27 = j + t - 119. Calculate the highest common divisor of 18 and j.
18
Let x be (-4123)/(-38) - (-3)/24*-4. Calculate the greatest common divisor of x and 324.
108
Let c = -83 + 52. Let a = c - -34. Calculate the greatest common factor of 6 and a.
3
Let l(d) = 6*d**2 - d + 4. Let r be l(3). Suppose -3*h = -5*y + 46, -h - h - 27 = -3*y. Suppose 3*j = y + 4. What is the greatest common factor of j and r?
5
Let u = -10 + 6. Let q be -15*u/1 + 0. Let a = -11 - -26. What is the greatest common divisor of q and a?
15
Suppose 3*x - 2*u = 44, -3 - 11 = -x + u. Let s(j) = j**2 - 14*j - 14. Let d be s(x). Calculate the highest common divisor of d and 6.
6
Suppose 0 = 5*y - 2*y + 6. Let x be ((-9)/(-9))/(y/(-38)). Suppose x + 2 = h. Calculate the highest common divisor of 7 and h.
7
Suppose 3*p = 4*v + 11, -5*v - p = -3*v - 7. Let q be (4 + (11 - 2))/v. What is the greatest common divisor of 1 and q?
1
Let m = 25 + -7. Suppose 0*q = 2*q - 36. Suppose 2*n + 2*v = q, 3*n + 3*v + v = 30. Calculate the greatest common divisor of m and n.
6
Let p be ((-50)/8 + 8)/(1/44). Calculate the greatest common divisor of 33 and p.
11
Suppose -4*y + 15981 = 5*a + 1977, -5*a + 14003 = 3*y. What is the highest common factor of a and 112?
112
Suppose -b + 873 = b + 5*q, 2*b = 3*q + 849. Suppose 25*w = -10 + 985. What is the highest common factor of b and w?
39
Let k be 42/54 + (-8)/(-36). Let v = 96 + -94. What is the highest common divisor of k and v?
1
Let c be 3 - (-4)/(1 - -3). Let f(b) = -3 - 2*b**2 + 28*b - 36*b + c*b**2. Let d be f(5). Calculate the highest common factor of d and 35.
7
Let u be 119/9 - (-2)/(-9). Suppose -4*g = -x + 4*x - 745, -x + 2*g + 245 = 0. Calculate the highest common factor of u and x.
13
Let i = -629 + 653. Let l(r) = 20*r. Let x be l(3). Calculate the highest common factor of x and i.
12
Let f = 10 - 7. Suppose 0 = f*d - 7*d. Suppose -w = -d*w - 4. What is the greatest common divisor of w and 16?
4
Let l be (32 - (-10 + 8)) + 9. What is the highest common divisor of l and 344?
43
Let z = -701 - -775. What is the highest common divisor of z and 481?
37
Let s(b) = 62*b - 264. Let m be s(5). Calculate the greatest common divisor of m and 1104.
46
Suppose 3*h = 2*q + 4, 5*q + 5 = h + 8. Suppose -h*c = -c - 12. What is the greatest common divisor of 84 and c?
12
Suppose 0 = 3*s - 5*w - 461, -4*w + 646 + 110 = 5*s. Calculate the greatest common factor of s and 8.
8
Suppose -95 = -n - 5*h + 50, -3*h = -2*n + 264. Let f = 78 + -70. Suppose 0 = 7*y - f*y + 15. What is the highest common factor of n and y?
15
Let q = -52 + 54. Calculate the highest common divisor of q and 16.
2
Let h = 3 + 7. Let i = 42 - h. What is the highest common factor of i and 4?
4
Let t(w) = -2*w**2 + 25*w - 65. Let g be t(5). Suppose -o + 40 = 3*o. Calculate the greatest common factor of g and o.
10
Suppose -9 = -2*p - 3. Suppose -p*h + 4*u + 11 = 0, -2*h + 4*u + 20 = 2*h. Calculate the highest common factor of 81 and h.
9
Let m = 8 - 28. Let f = 90 + m. Let a(d) = d**3 - d + 14. Let x be a(0). What is the greatest common divisor of x and f?
14
Let g(x) = -x**3 + 5*x**2 + 6*x + 7. Let r be g(6). Let m = 119 + -108. Let l = m - r. Calculate the greatest common divisor of l and 28.
4
Let k = 565 + -510. What is the highest common divisor of k and 11?
11
Let d(m) = 10*m - 54. Let y be d(6). Calculate the greatest common factor of 28 and y.
2
Suppose 2*v - 4*i - 434 = 0, 0 = -12*v + 8*v - 3*i + 890. What is the highest common divisor of v and 34?
17
Let f(s) = -6*s + 278. Let k be f(43). What is the highest common divisor of 380 and k?
20
Suppose 3*x - 56 = x. What is the greatest common factor of x and 140?
28
Let o = -8 + 8. Suppose -5*k + 3*f + 287 = -o*f, 2*f - 157 = -3*k. Suppose 8*c - 50 = -2*c. Calculate the highest common factor of c and k.
5
Let k(h) = -14*h**2 - 44*h - 7. Let f(i) = 5*i**2 + 15*i + 2. Let u(r) = 11*f(r) + 4*k(r). Let l be u(-7). Calculate the greatest common divisor of l and 220.
22
Suppose -3*x = 4*f - 9202, -5074 = 5*f + 3*x - 16575. Calculate the greatest common divisor of f and 19.
19
Let u(s) = -96*s - 28. Let y be u(-18). Calculate the greatest common divisor of y and 68.
68
Suppose 46 - 26 = 4*d. Let r = d - 0. What is the greatest common divisor of r and 5?
5
Let m be 2/(-3)*78/(-4). Let q(k) = -13*k - 65. Let g be q(-11). What is the greatest common divisor of m and g?
13
Suppose -4*a + 111 = -5*x, 4*a - 3*x = -2*x + 99. Let y(q) = -15*q**3 - 2*q - 1. Let g be y(-1). Calculate the highest common divisor of g and a.
8
Let f be (-2)/3 + 20/3. Suppose -74*a + 191 = -253. Calculate the highest common factor of f and a.
6
Let j = -13 + 29. Let q(t) = -t**3 + t**2 + 3*t - 7. Let r be q(-5). Calculate the highest common divisor of r and j.
16
Let j = -12 + 22. Let u(l) be the second derivative of l**3/3 + 5*l**2 + 11*l. Let b be u(10). What is the highest common divisor of b and j?
10
Let w(r) = -247*r**3 - 3*r**2 + 2*r + 3. Let j be w(-1). Calculate the greatest common divisor of j and 49.
49
Suppose -3*r = -6*r - 6. Let u(q) = -2*q**3 + q**2 - 2*q - 2. Let m be u(r). What is the highest common factor of 154 and m?
22
Let r = 1 + 0. Suppose c + r = -7. Let d = c + 16. What is the highest common factor of d and 20?
4
Suppose -x + 8 - 2 = 0. Let 